 433, 4799
What are the prime factors of 1269773?
467, 2719
List the prime factors of 10434558.
2, 3, 1217, 1429
List the prime factors of 227586.
2, 3, 83, 457
List the prime factors of 10079074.
2, 5039537
What are the prime factors of 22526311?
839, 26849
List the prime factors of 223154.
2, 111577
What are the prime factors of 281304?
2, 3, 3907
What are the prime factors of 232851?
3, 77617
What are the prime factors of 9365701?
43, 173, 1259
List the prime factors of 20745815.
5, 19, 131, 1667
What are the prime factors of 7561179?
3, 31, 41, 661
List the prime factors of 13098710.
2, 5, 733, 1787
What are the prime factors of 4230080?
2, 5, 13219
List the prime factors of 7341418.
2, 7, 524387
What are the prime factors of 1864730?
2, 5, 7, 17, 1567
List the prime factors of 10759712.
2, 41, 59, 139
What are the prime factors of 1039049?
11, 59, 1601
What are the prime factors of 9346667?
11, 211, 4027
What are the prime factors of 6088672?
2, 190271
What are the prime factors of 160388?
2, 101, 397
List the prime factors of 87404.
2, 21851
List the prime factors of 8141354.
2, 13, 313129
What are the prime factors of 155557?
155557
What are the prime factors of 6217811?
6217811
What are the prime factors of 378734?
2, 409, 463
What are the prime factors of 892000?
2, 5, 223
What are the prime factors of 2553676?
2, 19, 33601
What are the prime factors of 1196136?
2, 3, 37, 449
List the prime factors of 13342793.
107, 124699
What are the prime factors of 92122?
2, 46061
What are the prime factors of 1110704?
2, 7, 47, 211
List the prime factors of 90178.
2, 11, 4099
What are the prime factors of 3610712?
2, 7, 61, 151
List the prime factors of 162967.
7, 31, 751
What are the prime factors of 10167219?
3, 23, 49117
What are the prime factors of 4039255?
5, 11, 271
What are the prime factors of 11208031?
11208031
List the prime factors of 3114126.
2, 3, 47, 409
What are the prime factors of 580217?
11, 52747
List the prime factors of 357604.
2, 13, 23
What are the prime factors of 18464795?
5, 1129, 3271
List the prime factors of 1451330.
2, 5, 145133
List the prime factors of 140303.
173, 811
List the prime factors of 8531435.
5, 11, 181, 857
What are the prime factors of 10065331?
10065331
List the prime factors of 797926.
2, 167, 2389
List the prime factors of 442084.
2, 79, 1399
List the prime factors of 747321.
3, 249107
List the prime factors of 4113239.
13, 316403
List the prime factors of 168003.
3, 11, 1697
What are the prime factors of 7071773?
37, 131, 1459
What are the prime factors of 2244925?
5, 89797
List the prime factors of 198437.
198437
List the prime factors of 25530439.
11, 937, 2477
List the prime factors of 538331.
538331
What are the prime factors of 711169?
163, 4363
What are the prime factors of 282792?
2, 3, 11783
What are the prime factors of 85577?
85577
List the prime factors of 806733.
3, 29879
List the prime factors of 7054940.
2, 5, 173, 2039
List the prime factors of 806415.
3, 5, 37, 1453
What are the prime factors of 356016?
2, 3, 7417
List the prime factors of 1423303.
7, 31, 937
What are the prime factors of 19878789?
3, 7, 467, 2027
What are the prime factors of 15930791?
47, 67, 5059
What are the prime factors of 82659?
3, 59, 467
What are the prime factors of 351932?
2, 7, 12569
What are the prime factors of 4169990?
2, 5, 11, 167, 227
List the prime factors of 268923.
3, 17, 5273
List the prime factors of 1006819.
11, 91529
What are the prime factors of 1490045?
5, 59, 5051
What are the prime factors of 10170289?
2287, 4447
List the prime factors of 16989189.
3, 7, 823, 983
List the prime factors of 3632237.
7, 17, 131, 233
What are the prime factors of 845887?
7, 61, 283
List the prime factors of 6844.
2, 29, 59
What are the prime factors of 13999048?
2, 7, 19, 59, 223
List the prime factors of 18824343.
3, 797, 7873
List the prime factors of 277505.
5, 55501
What are the prime factors of 24331843?
24331843
List the prime factors of 292656.
2, 3, 7, 13, 67
What are the prime factors of 1825234?
2, 23, 39679
List the prime factors of 1554771.
3, 157, 3301
What are the prime factors of 2291961?
3, 7, 109141
What are the prime factors of 1324552?
2, 165569
What are the prime factors of 10483530?
2, 3, 5, 73, 4787
List the prime factors of 4273801.
7, 610543
What are the prime factors of 250538?
2, 125269
List the prime factors of 23459.
23459
What are the prime factors of 1561866?
2, 3, 163, 1597
What are the prime factors of 10778153?
17, 397, 1597
What are the prime factors of 3861714?
2, 3, 643619
List the prime factors of 2071374.
2, 3, 345229
List the prime factors of 10179088.
2, 636193
What are the prime factors of 448625?
5, 37, 97
What are the prime factors of 1641829?
7, 234547
List the prime factors of 11155156.
2, 1013, 2753
What are the prime factors of 255285?
3, 5, 31, 61
What are the prime factors of 319913?
11, 127, 229
What are the prime factors of 613392?
2, 3, 13, 983
List the prime factors of 74862.
2, 3, 4159
List the prime factors of 23087016.
2, 3, 29, 11057
List the prime factors of 189952.
2, 7, 53
What are the prime factors of 86287?
86287
What are the prime factors of 1273738?
2, 29, 21961
What are the prime factors of 443355?
3, 5, 11, 2687
What are the prime factors of 1397277?
3, 7, 7393
List the prime factors of 9547334.
2, 419, 11393
What are the prime factors of 1536181?
137, 11213
What are the prime factors of 9786802?
2, 59, 82939
What are the prime factors of 53419?
53419
List the prime factors of 775515.
3, 5, 13, 41, 97
What are the prime factors of 18854125?
5, 150833
List the prime factors of 27207176.
2, 3400897
List the prime factors of 2178933.
3, 223, 3257
List the prime factors of 1077764.
2, 269441
What are the prime factors of 363136?
2, 2837
List the prime factors of 6266571.
3, 277, 7541
What are the prime factors of 16368649?
11, 127, 11717
What are the prime factors of 11663769?
3, 13, 37, 59, 137
What are the prime factors of 126357?
3, 7, 11, 547
List the prime factors of 253658.
2, 53, 2393
List the prime factors of 197398.
2, 229, 431
List the prime factors of 709486.
2, 354743
List the prime factors of 46559.
46559
List the prime factors of 4829674.
2, 43, 89, 631
List the prime factors of 3274646.
2, 613, 2671
What are the prime factors of 8688201?
3, 2896067
List the prime factors of 16590.
2, 3, 5, 7, 79
List the prime factors of 35286943.
35286943
What are the prime factors of 37041?
3, 12347
List the prime factors of 12610798.
2, 2207, 2857
List the prime factors of 32633.
32633
What are the prime factors of 2673856?
2, 41, 1019
What are the prime factors of 735912?
2, 3, 3407
List the prime factors of 62394.
2, 3, 10399
List the prime factors of 655956.
2, 3, 7, 19, 137
List the prime factors of 818489.
7, 116927
What are the prime factors of 843379?
843379
What are the prime factors of 4323259?
1549, 2791
List the prime factors of 578309.
578309
List the prime factors of 6587132.
2, 1646783
What are the prime factors of 1021084?
2, 397, 643
What are the prime factors of 5793721?
227, 25523
What are the prime factors of 13134298?
2, 6567149
List the prime factors of 220092.
2, 3, 18341
List the prime factors of 2965265.
5, 79, 7507
List the prime factors of 318373.
11, 103, 281
What are the prime factors of 1044335?
5, 19, 10993
List the prime factors of 339063.
3, 113021
List the prime factors of 36553.
11, 3323
List the prime factors of 1074741.
3, 101, 3547
List the prime factors of 376799.
47, 8017
List the prime factors of 2428513.
53, 45821
What are the prime factors of 1005476?
2, 173, 1453
What are the prime factors of 661901?
47, 14083
What are the prime factors of 1917735?
3, 5, 127849
List the prime factors of 96892.
2, 24223
What are the prime factors of 32718?
2, 3, 7, 19, 41
What are the prime factors of 1098566?
2, 7, 131, 599
What are the prime factors of 373408?
2, 7, 1667
List the prime factors of 155288.
2, 7, 47, 59
List the prime factors of 5548928.
2, 7, 11, 563
List the prime factors of 864917.
864917
List the prime factors of 1607627.
7, 83, 2767
List the prime factors of 1104097.
1104097
What are the prime factors of 191138?
2, 95569
List the prime factors of 33300.
2, 3, 5, 37
List the prime factors of 2661